[INFO] cloning repository https://github.com/keyneston/gcli
[INFO] running `Command { std: "git" "-c" "credential.helper=" "-c" "credential.helper=/workspace/cargo-home/bin/git-credential-null" "clone" "--bare" "https://github.com/keyneston/gcli" "/workspace/cache/git-repos/https%3A%2F%2Fgithub.com%2Fkeyneston%2Fgcli", kill_on_drop: false }`
[INFO] [stderr] Cloning into bare repository '/workspace/cache/git-repos/https%3A%2F%2Fgithub.com%2Fkeyneston%2Fgcli'...
[INFO] running `Command { std: "git" "rev-parse" "HEAD", kill_on_drop: false }`
[INFO] [stdout] a6ad5bc4623d7d1d76ffbf5b964ff32bded85d69
[INFO] checking keyneston/gcli against master#af3c6e733a40e671550e0f0f5aeecaa13772ba56 for pr-74989
[INFO] running `Command { std: "git" "clone" "/workspace/cache/git-repos/https%3A%2F%2Fgithub.com%2Fkeyneston%2Fgcli" "/workspace/builds/worker-8/source", kill_on_drop: false }`
[INFO] [stderr] Cloning into '/workspace/builds/worker-8/source'...
[INFO] [stderr] done.
[INFO] validating manifest of git repo https://github.com/keyneston/gcli on toolchain af3c6e733a40e671550e0f0f5aeecaa13772ba56
[INFO] running `Command { std: "/workspace/cargo-home/bin/cargo" "+af3c6e733a40e671550e0f0f5aeecaa13772ba56" "read-manifest" "--manifest-path" "Cargo.toml", kill_on_drop: false }`
[INFO] started tweaking git repo https://github.com/keyneston/gcli
[INFO] finished tweaking git repo https://github.com/keyneston/gcli
[INFO] tweaked toml for git repo https://github.com/keyneston/gcli written to /workspace/builds/worker-8/source/Cargo.toml
[INFO] crate git repo https://github.com/keyneston/gcli already has a lockfile, it will not be regenerated
[INFO] running `Command { std: "/workspace/cargo-home/bin/cargo" "+af3c6e733a40e671550e0f0f5aeecaa13772ba56" "fetch" "--locked" "--manifest-path" "Cargo.toml", kill_on_drop: false }`
[INFO] running `Command { std: "docker" "create" "-v" "/var/lib/crater-agent-workspace/builds/worker-8/target:/opt/rustwide/target:rw,Z" "-v" "/var/lib/crater-agent-workspace/builds/worker-8/source:/opt/rustwide/workdir:ro,Z" "-v" "/var/lib/crater-agent-workspace/cargo-home:/opt/rustwide/cargo-home:ro,Z" "-v" "/var/lib/crater-agent-workspace/rustup-home:/opt/rustwide/rustup-home:ro,Z" "-e" "SOURCE_DIR=/opt/rustwide/workdir" "-e" "CARGO_TARGET_DIR=/opt/rustwide/target" "-e" "CARGO_HOME=/opt/rustwide/cargo-home" "-e" "RUSTUP_HOME=/opt/rustwide/rustup-home" "-w" "/opt/rustwide/workdir" "-m" "1610612736" "--user" "0:0" "--network" "none" "rustops/crates-build-env@sha256:d92eaeed33fa75130ca1ee6c8a01d1ffb62bac859dfdfb3450e3e5d1c0146529" "/opt/rustwide/cargo-home/bin/cargo" "+af3c6e733a40e671550e0f0f5aeecaa13772ba56" "metadata" "--no-deps" "--format-version=1", kill_on_drop: false }`
[INFO] [stdout] 72cfaefdbaa69b992ef66397b16eabb94798d816bc1ec457a65b4d0c0e8cd624
[INFO] [stderr] WARNING: Your kernel does not support swap limit capabilities or the cgroup is not mounted. Memory limited without swap.
[INFO] running `Command { std: "docker" "start" "-a" "72cfaefdbaa69b992ef66397b16eabb94798d816bc1ec457a65b4d0c0e8cd624", kill_on_drop: false }`
[INFO] running `Command { std: "docker" "inspect" "72cfaefdbaa69b992ef66397b16eabb94798d816bc1ec457a65b4d0c0e8cd624", kill_on_drop: false }`
[INFO] running `Command { std: "docker" "rm" "-f" "72cfaefdbaa69b992ef66397b16eabb94798d816bc1ec457a65b4d0c0e8cd624", kill_on_drop: false }`
[INFO] [stdout] 72cfaefdbaa69b992ef66397b16eabb94798d816bc1ec457a65b4d0c0e8cd624
[INFO] running `Command { std: "docker" "create" "-v" "/var/lib/crater-agent-workspace/builds/worker-8/target:/opt/rustwide/target:rw,Z" "-v" "/var/lib/crater-agent-workspace/builds/worker-8/source:/opt/rustwide/workdir:ro,Z" "-v" "/var/lib/crater-agent-workspace/cargo-home:/opt/rustwide/cargo-home:ro,Z" "-v" "/var/lib/crater-agent-workspace/rustup-home:/opt/rustwide/rustup-home:ro,Z" "-e" "SOURCE_DIR=/opt/rustwide/workdir" "-e" "CARGO_TARGET_DIR=/opt/rustwide/target" "-e" "CARGO_INCREMENTAL=0" "-e" "RUST_BACKTRACE=full" "-e" "RUSTFLAGS=--cap-lints=forbid" "-e" "CARGO_HOME=/opt/rustwide/cargo-home" "-e" "RUSTUP_HOME=/opt/rustwide/rustup-home" "-w" "/opt/rustwide/workdir" "-m" "1610612736" "--user" "0:0" "--network" "none" "rustops/crates-build-env@sha256:d92eaeed33fa75130ca1ee6c8a01d1ffb62bac859dfdfb3450e3e5d1c0146529" "/opt/rustwide/cargo-home/bin/cargo" "+af3c6e733a40e671550e0f0f5aeecaa13772ba56" "check" "--frozen" "--all" "--all-targets" "--message-format=json", kill_on_drop: false }`
[INFO] [stderr] WARNING: Your kernel does not support swap limit capabilities or the cgroup is not mounted. Memory limited without swap.
[INFO] [stdout] a5e3a60e873688ff6424a65701470a0a32e534ae9d80f1e87928795d1b7ef56b
[INFO] running `Command { std: "docker" "start" "-a" "a5e3a60e873688ff6424a65701470a0a32e534ae9d80f1e87928795d1b7ef56b", kill_on_drop: false }`
[INFO] [stderr]     Blocking waiting for file lock on package cache
[INFO] [stderr]    Compiling libc v0.2.59
[INFO] [stderr]    Compiling autocfg v0.1.4
[INFO] [stderr]     Checking cfg-if v0.1.9
[INFO] [stderr]    Compiling semver-parser v0.7.0
[INFO] [stderr]     Checking spin v0.5.0
[INFO] [stderr]     Checking rand_core v0.4.0
[INFO] [stderr]     Checking futures v0.1.28
[INFO] [stderr]    Compiling byteorder v1.3.2
[INFO] [stderr]    Compiling log v0.4.7
[INFO] [stderr]     Checking smallvec v0.6.10
[INFO] [stderr]     Checking either v1.5.2
[INFO] [stderr]    Compiling proc-macro2 v0.4.30
[INFO] [stderr]    Compiling unicode-xid v0.1.0
[INFO] [stderr]    Compiling syn v0.15.39
[INFO] [stderr]     Checking stable_deref_trait v1.1.1
[INFO] [stderr]    Compiling arrayvec v0.4.11
[INFO] [stderr]     Checking matches v0.1.8
[INFO] [stderr]     Checking nodrop v0.1.13
[INFO] [stderr]    Compiling memchr v2.2.1
[INFO] [stderr]    Compiling bitflags v1.1.0
[INFO] [stderr]    Compiling siphasher v0.2.3
[INFO] [stderr]     Checking percent-encoding v1.0.1
[INFO] [stderr]     Checking rustc-demangle v0.1.15
[INFO] [stderr]    Compiling serde v1.0.94
[INFO] [stderr]     Checking foreign-types-shared v0.1.1
[INFO] [stderr]    Compiling failure_derive v0.1.5
[INFO] [stderr]    Compiling regex v1.1.9
[INFO] [stderr]    Compiling openssl v0.10.23
[INFO] [stderr]     Checking ucd-util v0.1.3
[INFO] [stderr]    Compiling httparse v1.3.4
[INFO] [stderr]    Compiling crc32fast v1.2.0
[INFO] [stderr]    Compiling ryu v0.2.8
[INFO] [stderr]     Checking try-lock v0.2.2
[INFO] [stderr]     Checking indexmap v1.0.2
[INFO] [stderr]    Compiling native-tls v0.2.3
[INFO] [stderr]     Checking adler32 v1.0.3
[INFO] [stderr]     Checking utf8-ranges v1.0.3
[INFO] [stderr]     Checking void v1.0.2
[INFO] [stderr]     Checking openssl-probe v0.1.2
[INFO] [stderr]    Compiling encoding_rs v0.8.17
[INFO] [stderr]     Checking ansi_term v0.11.0
[INFO] [stderr]     Checking dtoa v0.4.4
[INFO] [stderr]     Checking static_assertions v0.2.5
[INFO] [stderr]     Checking unicode-width v0.1.5
[INFO] [stderr]     Checking strsim v0.8.0
[INFO] [stderr]     Checking vec_map v0.8.1
[INFO] [stderr]     Checking difference v2.0.0
[INFO] [stderr]    Compiling unicase v1.4.2
[INFO] [stderr]    Compiling unicase v2.4.0
[INFO] [stderr]    Compiling error-chain v0.12.1
[INFO] [stderr]    Compiling nom v5.0.0
[INFO] [stderr]    Compiling backtrace-sys v0.1.30
[INFO] [stderr]    Compiling miniz_oxide_c_api v0.2.2
[INFO] [stderr]     Checking try_from v0.3.2
[INFO] [stderr]     Checking lazy_static v1.3.0
[INFO] [stderr]     Checking owning_ref v0.4.0
[INFO] [stderr]     Checking unicode-bidi v0.3.4
[INFO] [stderr]    Compiling rand_core v0.3.1
[INFO] [stderr]    Compiling rand_jitter v0.1.4
[INFO] [stderr]     Checking unicode-normalization v0.1.8
[INFO] [stderr]    Compiling semver v0.9.0
[INFO] [stderr]     Checking foreign-types v0.3.2
[INFO] [stderr]    Compiling rand_pcg v0.1.2
[INFO] [stderr]    Compiling rand_chacha v0.1.1
[INFO] [stderr]    Compiling rand v0.6.5
[INFO] [stderr]    Compiling openssl-sys v0.9.47
[INFO] [stderr]     Checking regex-syntax v0.6.8
[INFO] [stderr]     Checking miniz_oxide v0.2.2
[INFO] [stderr]     Checking unreachable v1.0.0
[INFO] [stderr]     Checking textwrap v0.11.0
[INFO] [stderr]     Checking pretty_assertions v0.6.1
[INFO] [stderr]     Checking crossbeam-utils v0.6.5
[INFO] [stderr]     Checking thread_local v0.3.6
[INFO] [stderr]    Compiling rand_hc v0.1.0
[INFO] [stderr]    Compiling rand_xorshift v0.1.1
[INFO] [stderr]    Compiling rand_isaac v0.1.1
[INFO] [stderr]     Checking lock_api v0.1.5
[INFO] [stderr]    Compiling rustc_version v0.2.3
[INFO] [stderr]     Checking tokio-sync v0.1.6
[INFO] [stderr]     Checking tokio-executor v0.1.8
[INFO] [stderr]     Checking crossbeam-queue v0.1.2
[INFO] [stderr]     Checking want v0.2.0
[INFO] [stderr]     Checking crossbeam-epoch v0.7.1
[INFO] [stderr]    Compiling phf_shared v0.7.24
[INFO] [stderr]    Compiling quote v0.6.13
[INFO] [stderr]     Checking base64 v0.10.1
[INFO] [stderr]     Checking aho-corasick v0.7.4
[INFO] [stderr]     Checking tokio-current-thread v0.1.6
[INFO] [stderr]     Checking tokio-timer v0.2.11
[INFO] [stderr]    Compiling rand_os v0.1.3
[INFO] [stderr]     Checking iovec v0.1.2
[INFO] [stderr]     Checking num_cpus v1.10.1
[INFO] [stderr]     Checking net2 v0.2.33
[INFO] [stderr]     Checking time v0.1.42
[INFO] [stderr]     Checking atty v0.2.12
[INFO] [stderr]     Checking idna v0.1.5
[INFO] [stderr]     Checking mime v0.3.13
[INFO] [stderr]     Checking phf v0.7.24
[INFO] [stderr]     Checking bytes v0.4.12
[INFO] [stderr]     Checking futures-cpupool v0.1.8
[INFO] [stderr]    Compiling parking_lot_core v0.4.0
[INFO] [stderr]    Compiling hyper v0.12.33
[INFO] [stderr]    Compiling stackvector v1.0.6
[INFO] [stderr]    Compiling lexical-core v0.4.2
[INFO] [stderr]     Checking crossbeam-deque v0.7.1
[INFO] [stderr]     Checking clap v2.33.0
[INFO] [stderr]     Checking mio v0.6.19
[INFO] [stderr]     Checking backtrace v0.3.32
[INFO] [stderr]     Checking flate2 v1.0.9
[INFO] [stderr]     Checking url v1.7.2
[INFO] [stderr]     Checking tokio-io v0.1.12
[INFO] [stderr]     Checking http v0.1.17
[INFO] [stderr]     Checking string v0.2.1
[INFO] [stderr]     Checking tokio-buf v0.1.1
[INFO] [stderr]     Checking cookie v0.12.0
[INFO] [stderr]    Compiling phf_generator v0.7.24
[INFO] [stderr]    Compiling phf_codegen v0.7.24
[INFO] [stderr]    Compiling mime_guess v2.0.0-alpha.6
[INFO] [stderr]     Checking tokio-threadpool v0.1.15
[INFO] [stderr]     Checking uuid v0.7.4
[INFO] [stderr]     Checking parking_lot v0.7.1
[INFO] [stderr]     Checking tokio-reactor v0.1.9
[INFO] [stderr]     Checking publicsuffix v1.5.2
[INFO] [stderr]     Checking tokio-tcp v0.1.3
[INFO] [stderr]     Checking tokio v0.1.22
[INFO] [stderr]     Checking h2 v0.1.25
[INFO] [stderr]     Checking http-body v0.1.0
[INFO] [stderr]    Compiling synstructure v0.10.2
[INFO] [stderr]     Checking hyper-tls v0.3.2
[INFO] [stderr]    Compiling serde_derive v1.0.94
[INFO] [stderr]     Checking failure v0.1.5
[INFO] [stderr]     Checking serde_json v1.0.40
[INFO] [stderr]     Checking serde_urlencoded v0.5.5
[INFO] [stderr]     Checking cookie_store v0.7.0
[INFO] [stderr]     Checking reqwest v0.9.18
[INFO] [stderr]     Checking gcli v0.1.0 (/opt/rustwide/workdir)
[INFO] [stdout] error[E0308]: mismatched types
[INFO] [stdout]   --> src/fmt/mod.rs:62:16
[INFO] [stdout]    |
[INFO] [stdout] 62 |     Ok((input, res))
[INFO] [stdout]    |                ^^^ expected struct `VecDeque`, found struct `Vec`
[INFO] [stdout]    |
[INFO] [stdout]    = note: expected struct `VecDeque<fmt::ast::SelectionItem>`
[INFO] [stdout]               found struct `Vec<fmt::ast::SelectionItem>`
[INFO] [stdout] 
[INFO] [stdout] 
[INFO] [stdout] error[E0308]: mismatched types
[INFO] [stdout]   --> src/fmt/mod.rs:62:16
[INFO] [stdout]    |
[INFO] [stdout] 62 |     Ok((input, res))
[INFO] [stdout]    |                ^^^ expected struct `VecDeque`, found struct `Vec`
[INFO] [stdout]    |
[INFO] [stdout]    = note: expected struct `VecDeque<SelectionItem>`
[INFO] [stdout]               found struct `Vec<SelectionItem>`
[INFO] [stdout] 
[INFO] [stdout] 
[INFO] [stdout] error[E0277]: the trait bound `fmt::ast::Element: Ord` is not satisfied
[INFO] [stdout]    --> src/fmt/mod.rs:191:10
[INFO] [stdout]     |
[INFO] [stdout] 191 |     hash.insert(var_name, Element::Name(thing.to_string()));
[INFO] [stdout]     |          ^^^^^^ the trait `Ord` is not implemented for `fmt::ast::Element`
[INFO] [stdout] 
[INFO] [stdout] 
[INFO] [stdout] error[E0277]: the trait bound `fmt::ast::Element: Ord` is not satisfied
[INFO] [stdout]    --> src/fmt/mod.rs:190:20
[INFO] [stdout]     |
[INFO] [stdout] 190 |     let mut hash = BTreeMap::new();
[INFO] [stdout]     |                    ^^^^^^^^^^^^^ the trait `Ord` is not implemented for `fmt::ast::Element`
[INFO] [stdout]     |
[INFO] [stdout]     = note: required by `std::collections::BTreeMap::<K, V>::new`
[INFO] [stdout] 
[INFO] [stdout] 
[INFO] [stdout] error[E0277]: the trait bound `fmt::ast::Element: Ord` is not satisfied
[INFO] [stdout]    --> src/fmt/mod.rs:236:14
[INFO] [stdout]     |
[INFO] [stdout] 236 |         hash.insert(k, v);
[INFO] [stdout]     |              ^^^^^^ the trait `Ord` is not implemented for `fmt::ast::Element`
[INFO] [stdout] 
[INFO] [stdout] 
[INFO] [stdout] error[E0277]: the trait bound `fmt::ast::Element: Ord` is not satisfied
[INFO] [stdout]    --> src/fmt/mod.rs:234:20
[INFO] [stdout]     |
[INFO] [stdout] 234 |     let mut hash = BTreeMap::new();
[INFO] [stdout]     |                    ^^^^^^^^^^^^^ the trait `Ord` is not implemented for `fmt::ast::Element`
[INFO] [stdout]     |
[INFO] [stdout]     = note: required by `std::collections::BTreeMap::<K, V>::new`
[INFO] [stdout] 
[INFO] [stdout] 
[INFO] [stdout] error[E0277]: the trait bound `ast::Element: Ord` is not satisfied
[INFO] [stdout]    --> src/fmt/mod.rs:191:10
[INFO] [stdout]     |
[INFO] [stdout] 191 |     hash.insert(var_name, Element::Name(thing.to_string()));
[INFO] [stdout]     |          ^^^^^^ the trait `Ord` is not implemented for `ast::Element`
[INFO] [stdout] 
[INFO] [stdout] 
[INFO] [stdout] error[E0277]: the trait bound `ast::Element: Ord` is not satisfied
[INFO] [stdout]    --> src/fmt/mod.rs:190:20
[INFO] [stdout]     |
[INFO] [stdout] 190 |     let mut hash = BTreeMap::new();
[INFO] [stdout]     |                    ^^^^^^^^^^^^^ the trait `Ord` is not implemented for `ast::Element`
[INFO] [stdout]     |
[INFO] [stdout]     = note: required by `BTreeMap::<K, V>::new`
[INFO] [stdout] 
[INFO] [stdout] 
[INFO] [stdout] error[E0277]: can't compare `Vec<fmt::ast::SelectionItem>` with `VecDeque<fmt::ast::SelectionItem>`
[INFO] [stdout]    --> src/fmt/mod.rs:362:9
[INFO] [stdout]     |
[INFO] [stdout] 362 | /         assert_eq!(
[INFO] [stdout] 363 | |             vec!(
[INFO] [stdout] 364 | |                 SelectionItem::new_field("id"),
[INFO] [stdout] 365 | |                 recursive,
[INFO] [stdout] ...   |
[INFO] [stdout] 368 | |             selection_set,
[INFO] [stdout] 369 | |         )
[INFO] [stdout]     | |_________^ no implementation for `Vec<fmt::ast::SelectionItem> == VecDeque<fmt::ast::SelectionItem>`
[INFO] [stdout]     |
[INFO] [stdout]     = help: the trait `PartialEq<VecDeque<fmt::ast::SelectionItem>>` is not implemented for `Vec<fmt::ast::SelectionItem>`
[INFO] [stdout]     = note: this error originates in a macro (in Nightly builds, run with -Z macro-backtrace for more info)
[INFO] [stdout] 
[INFO] [stdout] 
[INFO] [stdout] error[E0277]: the trait bound `ast::Element: Ord` is not satisfied
[INFO] [stdout]    --> src/fmt/mod.rs:236:14
[INFO] [stdout]     |
[INFO] [stdout] 236 |         hash.insert(k, v);
[INFO] [stdout]     |              ^^^^^^ the trait `Ord` is not implemented for `ast::Element`
[INFO] [stdout] 
[INFO] [stdout] 
[INFO] [stdout] error[E0277]: the trait bound `ast::Element: Ord` is not satisfied
[INFO] [stdout]    --> src/fmt/mod.rs:234:20
[INFO] [stdout]     |
[INFO] [stdout] 234 |     let mut hash = BTreeMap::new();
[INFO] [stdout]     |                    ^^^^^^^^^^^^^ the trait `Ord` is not implemented for `ast::Element`
[INFO] [stdout]     |
[INFO] [stdout]     = note: required by `BTreeMap::<K, V>::new`
[INFO] [stdout] 
[INFO] [stdout] 
[INFO] [stdout] error[E0277]: the trait bound `ast::Element: Ord` is not satisfied
[INFO] [stdout]   --> src/fmt/../ast/mod.rs:45:9
[INFO] [stdout]    |
[INFO] [stdout] 45 |         name: Element,
[INFO] [stdout]    |         ^^^^^^^^^^^^^ the trait `Ord` is not implemented for `ast::Element`
[INFO] [stdout]    |
[INFO] [stdout]    = note: required by `std::cmp::Ord::cmp`
[INFO] [stdout]    = note: this error originates in a derive macro (in Nightly builds, run with -Z macro-backtrace for more info)
[INFO] [stdout] 
[INFO] [stdout] 
[INFO] [stdout] error[E0277]: the trait bound `ast::Element: Ord` is not satisfied
[INFO] [stdout]   --> src/fmt/../ast/mod.rs:47:9
[INFO] [stdout]    |
[INFO] [stdout] 47 |         arguments: Option<Args>,
[INFO] [stdout]    |         ^^^^^^^^^^^^^^^^^^^^^^^ the trait `Ord` is not implemented for `ast::Element`
[INFO] [stdout]    |
[INFO] [stdout]    = note: required because of the requirements on the impl of `Ord` for `BTreeMap<ast::Element, ast::Element>`
[INFO] [stdout]    = note: required because of the requirements on the impl of `Ord` for `Option<BTreeMap<ast::Element, ast::Element>>`
[INFO] [stdout]    = note: required by `std::cmp::Ord::cmp`
[INFO] [stdout]    = note: this error originates in a derive macro (in Nightly builds, run with -Z macro-backtrace for more info)
[INFO] [stdout] 
[INFO] [stdout] 
[INFO] [stdout] error[E0277]: can't compare `ast::Element` with `ast::Element`
[INFO] [stdout]   --> src/fmt/../ast/mod.rs:45:9
[INFO] [stdout]    |
[INFO] [stdout] 45 |         name: Element,
[INFO] [stdout]    |         ^^^^^^^^^^^^^ no implementation for `ast::Element < ast::Element` and `ast::Element > ast::Element`
[INFO] [stdout]    |
[INFO] [stdout]    = help: the trait `PartialOrd` is not implemented for `ast::Element`
[INFO] [stdout]    = note: required by `std::cmp::PartialOrd::partial_cmp`
[INFO] [stdout]    = note: this error originates in a derive macro (in Nightly builds, run with -Z macro-backtrace for more info)
[INFO] [stdout] 
[INFO] [stdout] 
[INFO] [stdout] error[E0277]: can't compare `ast::Element` with `ast::Element`
[INFO] [stdout]   --> src/fmt/../ast/mod.rs:47:9
[INFO] [stdout]    |
[INFO] [stdout] 47 |         arguments: Option<Args>,
[INFO] [stdout]    |         ^^^^^^^^^^^^^^^^^^^^^^^ no implementation for `ast::Element < ast::Element` and `ast::Element > ast::Element`
[INFO] [stdout]    |
[INFO] [stdout]    = help: the trait `PartialOrd` is not implemented for `ast::Element`
[INFO] [stdout]    = note: required because of the requirements on the impl of `PartialOrd` for `BTreeMap<ast::Element, ast::Element>`
[INFO] [stdout]    = note: required because of the requirements on the impl of `PartialOrd` for `Option<BTreeMap<ast::Element, ast::Element>>`
[INFO] [stdout]    = note: required by `std::cmp::PartialOrd::partial_cmp`
[INFO] [stdout]    = note: this error originates in a derive macro (in Nightly builds, run with -Z macro-backtrace for more info)
[INFO] [stdout] 
[INFO] [stdout] 
[INFO] [stdout] error[E0599]: no method named `push` found for mutable reference `&mut Box<VecDeque<SelectionItem>>` in the current scope
[INFO] [stdout]   --> src/fmt/../ast/mod.rs:68:40
[INFO] [stdout]    |
[INFO] [stdout] 68 |                 Some(fields) => fields.push(new_field),
[INFO] [stdout]    |                                        ^^^^ method not found in `&mut Box<VecDeque<SelectionItem>>`
[INFO] [stdout] 
[INFO] [stdout] 
[INFO] [stdout] error[E0308]: mismatched types
[INFO] [stdout]    --> src/fmt/mod.rs:397:28
[INFO] [stdout]     |
[INFO] [stdout] 397 |             selection_set: vec![sub],
[INFO] [stdout]     |                            ^^^^^^^^^ expected struct `VecDeque`, found struct `Vec`
[INFO] [stdout]     |
[INFO] [stdout]     = note: expected struct `VecDeque<fmt::ast::SelectionItem>`
[INFO] [stdout]                found struct `Vec<fmt::ast::SelectionItem>`
[INFO] [stdout]     = note: this error originates in a macro (in Nightly builds, run with -Z macro-backtrace for more info)
[INFO] [stdout] 
[INFO] [stdout] 
[INFO] [stdout] error[E0277]: the trait bound `fmt::ast::Element: Ord` is not satisfied
[INFO] [stdout]    --> src/fmt/mod.rs:417:17
[INFO] [stdout]     |
[INFO] [stdout] 417 |             map.insert(
[INFO] [stdout]     |                 ^^^^^^ the trait `Ord` is not implemented for `fmt::ast::Element`
[INFO] [stdout] 
[INFO] [stdout] 
[INFO] [stdout] error[E0277]: the trait bound `fmt::ast::Element: Ord` is not satisfied
[INFO] [stdout]    --> src/fmt/mod.rs:416:27
[INFO] [stdout]     |
[INFO] [stdout] 416 |             let mut map = BTreeMap::new();
[INFO] [stdout]     |                           ^^^^^^^^^^^^^ the trait `Ord` is not implemented for `fmt::ast::Element`
[INFO] [stdout]     |
[INFO] [stdout]     = note: required by `std::collections::BTreeMap::<K, V>::new`
[INFO] [stdout] 
[INFO] [stdout] 
[INFO] [stdout] error[E0308]: mismatched types
[INFO] [stdout]   --> src/fmt/../ast/mod.rs:69:52
[INFO] [stdout]    |
[INFO] [stdout] 69 |                 None => *selection = Some(Box::new(vec![new_field])),
[INFO] [stdout]    |                                                    ^^^^^^^^^^^^^^^ expected struct `VecDeque`, found struct `Vec`
[INFO] [stdout]    |
[INFO] [stdout]    = note: expected struct `VecDeque<SelectionItem>`
[INFO] [stdout]               found struct `Vec<SelectionItem>`
[INFO] [stdout]    = note: this error originates in a macro (in Nightly builds, run with -Z macro-backtrace for more info)
[INFO] [stdout] 
[INFO] [stdout] 
[INFO] [stdout] error: aborting due to 11 previous errors
[INFO] [stdout] 
[INFO] [stdout] 
[INFO] [stdout] Some errors have detailed explanations: E0277, E0308, E0599.
[INFO] [stdout] 
[INFO] [stdout] For more information about an error, try `rustc --explain E0277`.
[INFO] [stdout] 
[INFO] [stderr] error: could not compile `gcli`.
[INFO] [stderr] 
[INFO] [stderr] To learn more, run the command again with --verbose.
[INFO] [stderr] warning: build failed, waiting for other jobs to finish...
[INFO] [stdout] error[E0308]: mismatched types
[INFO] [stdout]    --> src/fmt/mod.rs:428:28
[INFO] [stdout]     |
[INFO] [stdout] 428 |             selection_set: vec![sub],
[INFO] [stdout]     |                            ^^^^^^^^^ expected struct `VecDeque`, found struct `Vec`
[INFO] [stdout]     |
[INFO] [stdout]     = note: expected struct `VecDeque<fmt::ast::SelectionItem>`
[INFO] [stdout]                found struct `Vec<fmt::ast::SelectionItem>`
[INFO] [stdout]     = note: this error originates in a macro (in Nightly builds, run with -Z macro-backtrace for more info)
[INFO] [stdout] 
[INFO] [stdout] 
[INFO] [stdout] error[E0277]: the trait bound `fmt::ast::Element: Ord` is not satisfied
[INFO] [stdout]    --> src/fmt/mod.rs:440:18
[INFO] [stdout]     |
[INFO] [stdout] 440 |         expected.insert(
[INFO] [stdout]     |                  ^^^^^^ the trait `Ord` is not implemented for `fmt::ast::Element`
[INFO] [stdout] 
[INFO] [stdout] 
[INFO] [stdout] error[E0277]: the trait bound `fmt::ast::Element: Ord` is not satisfied
[INFO] [stdout]    --> src/fmt/mod.rs:439:28
[INFO] [stdout]     |
[INFO] [stdout] 439 |         let mut expected = BTreeMap::new();
[INFO] [stdout]     |                            ^^^^^^^^^^^^^ the trait `Ord` is not implemented for `fmt::ast::Element`
[INFO] [stdout]     |
[INFO] [stdout]     = note: required by `std::collections::BTreeMap::<K, V>::new`
[INFO] [stdout] 
[INFO] [stdout] 
[INFO] [stdout] error[E0599]: no method named `insert` found for struct `std::collections::BTreeMap<fmt::ast::Element, fmt::ast::Element>` in the current scope
[INFO] [stdout]    --> src/fmt/mod.rs:444:18
[INFO] [stdout]     |
[INFO] [stdout] 444 |         expected.insert(
[INFO] [stdout]     |                  ^^^^^^ method not found in `std::collections::BTreeMap<fmt::ast::Element, fmt::ast::Element>`
[INFO] [stdout]     | 
[INFO] [stdout]    ::: src/fmt/../ast/mod.rs:11:1
[INFO] [stdout]     |
[INFO] [stdout] 11  | pub enum Element {
[INFO] [stdout]     | ---------------- doesn't satisfy `fmt::ast::Element: Ord`
[INFO] [stdout]     |
[INFO] [stdout]     = note: the method `insert` exists but the following trait bounds were not satisfied:
[INFO] [stdout]             `fmt::ast::Element: Ord`
[INFO] [stdout] 
[INFO] [stdout] 
[INFO] [stdout] error[E0277]: the trait bound `fmt::ast::Element: Ord` is not satisfied
[INFO] [stdout]    --> src/fmt/mod.rs:457:18
[INFO] [stdout]     |
[INFO] [stdout] 457 |         expected.insert(
[INFO] [stdout]     |                  ^^^^^^ the trait `Ord` is not implemented for `fmt::ast::Element`
[INFO] [stdout] 
[INFO] [stdout] 
[INFO] [stdout] error[E0277]: the trait bound `fmt::ast::Element: Ord` is not satisfied
[INFO] [stdout]    --> src/fmt/mod.rs:456:28
[INFO] [stdout]     |
[INFO] [stdout] 456 |         let mut expected = BTreeMap::new();
[INFO] [stdout]     |                            ^^^^^^^^^^^^^ the trait `Ord` is not implemented for `fmt::ast::Element`
[INFO] [stdout]     |
[INFO] [stdout]     = note: required by `std::collections::BTreeMap::<K, V>::new`
[INFO] [stdout] 
[INFO] [stdout] 
[INFO] [stdout] error[E0599]: no method named `insert` found for struct `std::collections::BTreeMap<fmt::ast::Element, fmt::ast::Element>` in the current scope
[INFO] [stdout]    --> src/fmt/mod.rs:461:18
[INFO] [stdout]     |
[INFO] [stdout] 461 |         expected.insert(
[INFO] [stdout]     |                  ^^^^^^ method not found in `std::collections::BTreeMap<fmt::ast::Element, fmt::ast::Element>`
[INFO] [stdout]     | 
[INFO] [stdout]    ::: src/fmt/../ast/mod.rs:11:1
[INFO] [stdout]     |
[INFO] [stdout] 11  | pub enum Element {
[INFO] [stdout]     | ---------------- doesn't satisfy `fmt::ast::Element: Ord`
[INFO] [stdout]     |
[INFO] [stdout]     = note: the method `insert` exists but the following trait bounds were not satisfied:
[INFO] [stdout]             `fmt::ast::Element: Ord`
[INFO] [stdout] 
[INFO] [stdout] 
[INFO] [stdout] error[E0277]: the trait bound `fmt::ast::Element: Ord` is not satisfied
[INFO] [stdout]   --> src/fmt/../ast/mod.rs:45:9
[INFO] [stdout]    |
[INFO] [stdout] 45 |         name: Element,
[INFO] [stdout]    |         ^^^^^^^^^^^^^ the trait `Ord` is not implemented for `fmt::ast::Element`
[INFO] [stdout]    |
[INFO] [stdout]    = note: required by `std::cmp::Ord::cmp`
[INFO] [stdout]    = note: this error originates in a derive macro (in Nightly builds, run with -Z macro-backtrace for more info)
[INFO] [stdout] 
[INFO] [stdout] 
[INFO] [stdout] error[E0277]: the trait bound `fmt::ast::Element: Ord` is not satisfied
[INFO] [stdout]   --> src/fmt/../ast/mod.rs:47:9
[INFO] [stdout]    |
[INFO] [stdout] 47 |         arguments: Option<Args>,
[INFO] [stdout]    |         ^^^^^^^^^^^^^^^^^^^^^^^ the trait `Ord` is not implemented for `fmt::ast::Element`
[INFO] [stdout]    |
[INFO] [stdout]    = note: required because of the requirements on the impl of `Ord` for `std::collections::BTreeMap<fmt::ast::Element, fmt::ast::Element>`
[INFO] [stdout]    = note: required because of the requirements on the impl of `Ord` for `Option<std::collections::BTreeMap<fmt::ast::Element, fmt::ast::Element>>`
[INFO] [stdout]    = note: required by `std::cmp::Ord::cmp`
[INFO] [stdout]    = note: this error originates in a derive macro (in Nightly builds, run with -Z macro-backtrace for more info)
[INFO] [stdout] 
[INFO] [stdout] 
[INFO] [stdout] error[E0277]: can't compare `fmt::ast::Element` with `fmt::ast::Element`
[INFO] [stdout]   --> src/fmt/../ast/mod.rs:45:9
[INFO] [stdout]    |
[INFO] [stdout] 45 |         name: Element,
[INFO] [stdout]    |         ^^^^^^^^^^^^^ no implementation for `fmt::ast::Element < fmt::ast::Element` and `fmt::ast::Element > fmt::ast::Element`
[INFO] [stdout]    |
[INFO] [stdout]    = help: the trait `PartialOrd` is not implemented for `fmt::ast::Element`
[INFO] [stdout]    = note: required by `std::cmp::PartialOrd::partial_cmp`
[INFO] [stdout]    = note: this error originates in a derive macro (in Nightly builds, run with -Z macro-backtrace for more info)
[INFO] [stdout] 
[INFO] [stdout] 
[INFO] [stdout] error[E0277]: can't compare `fmt::ast::Element` with `fmt::ast::Element`
[INFO] [stdout]   --> src/fmt/../ast/mod.rs:47:9
[INFO] [stdout]    |
[INFO] [stdout] 47 |         arguments: Option<Args>,
[INFO] [stdout]    |         ^^^^^^^^^^^^^^^^^^^^^^^ no implementation for `fmt::ast::Element < fmt::ast::Element` and `fmt::ast::Element > fmt::ast::Element`
[INFO] [stdout]    |
[INFO] [stdout]    = help: the trait `PartialOrd` is not implemented for `fmt::ast::Element`
[INFO] [stdout]    = note: required because of the requirements on the impl of `PartialOrd` for `std::collections::BTreeMap<fmt::ast::Element, fmt::ast::Element>`
[INFO] [stdout]    = note: required because of the requirements on the impl of `PartialOrd` for `Option<std::collections::BTreeMap<fmt::ast::Element, fmt::ast::Element>>`
[INFO] [stdout]    = note: required by `std::cmp::PartialOrd::partial_cmp`
[INFO] [stdout]    = note: this error originates in a derive macro (in Nightly builds, run with -Z macro-backtrace for more info)
[INFO] [stdout] 
[INFO] [stdout] 
[INFO] [stdout] error[E0599]: no method named `push` found for mutable reference `&mut Box<VecDeque<fmt::ast::SelectionItem>>` in the current scope
[INFO] [stdout]   --> src/fmt/../ast/mod.rs:68:40
[INFO] [stdout]    |
[INFO] [stdout] 68 |                 Some(fields) => fields.push(new_field),
[INFO] [stdout]    |                                        ^^^^ method not found in `&mut Box<VecDeque<fmt::ast::SelectionItem>>`
[INFO] [stdout] 
[INFO] [stdout] 
[INFO] [stdout] error[E0308]: mismatched types
[INFO] [stdout]   --> src/fmt/../ast/mod.rs:69:52
[INFO] [stdout]    |
[INFO] [stdout] 69 |                 None => *selection = Some(Box::new(vec![new_field])),
[INFO] [stdout]    |                                                    ^^^^^^^^^^^^^^^ expected struct `VecDeque`, found struct `Vec`
[INFO] [stdout]    |
[INFO] [stdout]    = note: expected struct `VecDeque<fmt::ast::SelectionItem>`
[INFO] [stdout]               found struct `Vec<fmt::ast::SelectionItem>`
[INFO] [stdout]    = note: this error originates in a macro (in Nightly builds, run with -Z macro-backtrace for more info)
[INFO] [stdout] 
[INFO] [stdout] 
[INFO] [stdout] error: aborting due to 22 previous errors
[INFO] [stdout] 
[INFO] [stdout] 
[INFO] [stdout] Some errors have detailed explanations: E0277, E0308, E0599.
[INFO] [stdout] 
[INFO] [stdout] For more information about an error, try `rustc --explain E0277`.
[INFO] [stdout] 
[INFO] [stderr] error: build failed
[INFO] running `Command { std: "docker" "inspect" "a5e3a60e873688ff6424a65701470a0a32e534ae9d80f1e87928795d1b7ef56b", kill_on_drop: false }`
[INFO] running `Command { std: "docker" "rm" "-f" "a5e3a60e873688ff6424a65701470a0a32e534ae9d80f1e87928795d1b7ef56b", kill_on_drop: false }`
[INFO] [stdout] a5e3a60e873688ff6424a65701470a0a32e534ae9d80f1e87928795d1b7ef56b
